?
26c9
What is -1182 (base 9) in base 7?
-2402
What is 573 (base 10) in base 5?
4243
Convert -103114 (base 5) to base 3.
-11211220
Convert -15504 (base 9) to base 15.
-322a
Convert 20a87 (base 11) to base 14.
b20b
Convert -102562 (base 7) to base 6.
-214154
10110100011100 (base 2) to base 3
120211201
22323 (base 4) to base 6
3123
What is -91 (base 12) in base 10?
-109
What is b7d (base 14) in base 7?
6416
-2553 (base 6) to base 12
-459
2ff (base 16) to base 14
3cb
121222 (base 4) to base 16
66a
84 (base 9) to base 14
56
What is 46353 (base 9) in base 8?
74275
1062 (base 11) to base 10
1399
What is 744 (base 16) in base 11?
1441
What is -68 (base 13) in base 4?
-1112
-1020010202 (base 3) to base 13
-acc4
Convert 18a (base 11) to base 14.
119
Convert 113031 (base 4) to base 9.
2030
Convert -44552 (base 8) to base 2.
-100100101101010
What is -7129 (base 11) in base 7?
-36415
515 (base 8) to base 2
101001101
a79 (base 11) to base 6
10000
-10101100 (base 2) to base 6
-444
-2824 (base 16) to base 9
-15077
Convert -33101 (base 4) to base 15.
-452
What is -2e6 (base 15) in base 8?
-1232
-502 (base 8) to base 11
-273
Convert -4f03 (base 16) to base 6.
-233351
What is 8760 (base 11) in base 4?
2310221
What is 65c (base 14) in base 5?
20013
What is -14750 (base 8) in base 13?
-3032
What is -137b (base 12) in base 13?
-1046
What is -2015 (base 9) in base 8?
-2700
What is de25 (base 15) in base 2?
1011011111010100
6528 (base 9) to base 15
1655
Convert -1120121 (base 3) to base 5.
-14100
Convert 1446 (base 10) to base 13.
873
Convert -26481 (base 11) to base 7.
-215216
-10122000 (base 3) to base 15
-bb6
-2bd (base 16) to base 11
-588
-3602 (base 7) to base 3
-1211002
Convert 200203 (base 7) to base 15.
9eca
8023 (base 10) to base 6
101051
What is -c97 (base 15) in base 4?
-230122
c0 (base 16) to base 2
11000000
Convert 606 (base 9) to base 6.
2140
Convert -21012 (base 4) to base 11.
-48a
Convert 141044 (base 7) to base 9.
40662
Convert -10100101111100010 (base 2) to base 5.
-10204322
Convert c47 (base 14) to base 9.
3273
-513 (base 9) to base 13
-261
-21202 (base 4) to base 12
-42a
Convert 100201202 (base 4) to base 15.
150c2
-313031 (base 4) to base 8
-6715
What is -13128 (base 12) in base 6?
-320452
-111111100111011 (base 2) to base 6
-410443
Convert 130143 (base 7) to base 2.
101111000011010
-28143 (base 10) to base 11
-1a165
What is -1066 (base 9) in base 14?
-405
What is 12122 (base 6) in base 10?
1778
What is -37b2 (base 13) in base 16?
-1eef
1024143 (base 6) to base 16
c3ff
What is 21220 (base 4) in base 2?
1001101000
Convert -4a8 (base 14) to base 10.
-932
-11220211 (base 3) to base 6
-24334
-65762 (base 8) to base 5
-1341014
-12241 (base 5) to base 16
-3b2
What is -100303 (base 4) in base 14?
-56b
Convert 630 (base 11) to base 16.
2f7
Convert 30320 (base 5) to base 6.
13024
102102222 (base 3) to base 7
33215
What is 868 (base 9) in base 4?
23012
What is -10220020 (base 3) in base 16?
-b19
What is -30c8 (base 13) in base 4?
-1221203
What is -32133 (base 4) in base 11?
-773
What is -54a4 (base 13) in base 14?
-4427
What is 10001110 (base 2) in base 12?
ba
Convert 657 (base 12) to base 8.
1643
Convert 15341 (base 7) to base 11.
3252
What is 2311 (base 6) in base 15?
267
-110121 (base 3) to base 12
-244
Convert 2010200 (base 3) to base 7.
4353
What is -5216 (base 14) in base 4?
-3130310
What is -7022 (base 9) in base 11?
-3938
Convert 15b (base 16) to base 14.
1ab
30003213 (base 4) to base 14
13dd5
Convert -4292 (base 11) to base 16.
-1623
ad27 (base 14) to base 8
72507
Convert 1011100001 (base 2) to base 9.
1008
-4411 (base 6) to base 13
-601
Convert 53b (base 13) to base 10.
895
-6b1 (base 12) to base 10
-997
Convert 632 (base 11) to base 3.
1001012
-100000101 (base 2) to base 7
-522
Convert 66 (base 15) to base 6.
240
349 (base 13) to base 7
1441
-1817 (base 9) to base 15
-62d
1332402 (base 5) to base 2
110101001011011
What is 100111010 (base 2) in base 16?
13a
Convert 25645 (base 7) to base 10.
6844
What is -2a1 (base 15) in base 2?
-1001011001
11202 (base 3) to base 8
200
What is 32633 (base 8) in base 2?
11010110011011
Convert 38a3 (base 14) to base 2.
10011011010111
What is -12401 (base 7) in base 11?
-2516
116416 (base 7) to base 4
11033203
What is -424210 (base 5) in base 2?
-11011111100001
What is 2c3 (base 13) in base 4?
13301
What is 732 (base 9) in base 2?
1001010100
Convert -245413 (base 6) to base 9.
-33120
24d (base 14) to base 10
461
Convert 14304 (base 5) to base 13.
718
What is -4220 (base 6) in base 7?
-2523
431343 (base 5) to base 3
202000200
What is 21259 (base 12) in base 3?
2012202020
Convert -221101 (base 3) to base 4.
-22231
139 (base 15) to base 3
101100
What is -23a7 (base 11) in base 2?
-110001000110
What is 11132321 (base 4) in base 2?
101011110111001
Convert b0b (base 13) to base 12.
10ba
-32ac (base 16) to base 14
-4a28
Convert 414531 (base 6) to base 4.
20022313
What is 5466 (base 8) in base 12?
17b2
What is 10312 (base 4) in base 8?
466
Convert -515 (base 14) to base 9.
-1330
Convert -310230 (base 4) to base 7.
-12555
What is -2da (base 14) in base 16?
-248
-122210 (base 3) to base 2
-111100000
Convert 18d1c (base 14) to base 10.
62942
Convert -8079 (base 13) to base 8.
-42414
-22100 (base 3) to base 6
-1013
Convert 493 (base 11) to base 4.
21022
What is -98c2 (base 15) in base 12?
-16885
Convert 132201 (base 4) to base 10.
1953
Convert -317 (base 10) to base 8.
-475
2c57 (base 13) to base 14
251c
What is -1fa8 (base 16) in base 15?
-2604
Convert 3021102 (base 4) to base 16.
3252
What is 24144 (base 8) in base 5?
312330
517 (base 8) to base 7
656
310 (base 6) to base 11
a4
Convert 4140 (base 12) to base 5.
211404
Convert d5e (base 15) to base 11.
22a0
-31013 (base 4) to base 2
-1101000111
Convert -1a863 (base 11) to base 2.
-111000100111100
17602 (base 10) to base 12
a22a
What is 2165 (base 10) in base 12?
1305
Convert 1362 (base 7) to base 6.
2250
What is -316203 (base 7) in base 5?
-3224411
Convert -1007 (base 8) to base 11.
-432
Convert -19957 (base 10) to base 12.
-b671
What is -1100001 (base 3) in base 6?
-4301
Convert -9c (base 13) to base 12.
-a9
What is -20133013 (base 4) in base 9?
-52611
What is -110 (base 13) in base 5?
-1212
-22330 (base 5) to base 12
-b06
Convert -4003 (base 5) to base 3.
-200122
285b (base 12) to base 14
19c3
What is -17ba (base 16) in base 9?
-8288
Convert -787 (base 14) to base 4.
-113103
Convert 11101110101 (base 2) to base 3.
2121201
Convert -50c1 (base 13) to base 14.
-40bc
Convert -11211 (base 3) to base 2.
-10000010
-2255 (base 6) to base 11
-450
Convert -284a (base 12) to base 5.
-122131
What is 226 (base 9) in base 11?
15a
-14243 (base 6) to base 9
-3080
-2b2 (base 12) to base 4
-12212
Convert -215132 (base 7) to base 15.
-b302
Convert -2571 (base 8) to base 13.
-83a
Convert 1322 (base 4) to base 3.
11112
Convert -201220 (base 4) to base 13.
-c97
-938 (base 10) to base 14
-4b0
What is -1325 (base 14) in base 10?
-3365
What is 240 (base 8) in base 4?
2200
Convert 1463 (base 7) to base 4.
21020
242000 (base 6) to base 13
9834
What is -2121013 (base 4) in base 11?
-73a9
What is -10031 (base 7) in base 6?
-15115
Convert 31304 (base 6) to base 4.
1001320
What is 41430 (base 5) in base 15?
c2a
-343515 (base 6) to base 4
-13022213
-2603 (base 10) to base 9
-3512
-3322 (base 8) to base 14
-8ca
Convert 25361 (base 7) to base 14.
2631
What is 2122 (base 6) in base 4?
13202
28a (base 11) to base 14
1a4
What is -3584 (base 14) in base 9?
-13714
Convert -413040 (base 6) to base 13.
-12090
975 (base 15) to base 3
2221002
11211 (base 9) to base 10
7462
What is 4b82 (base 16) in base 5?
1104310
-144033 (base 5) to base 7
-23624
-c94 (base 14) to base 13
-118c
What is -7ae (base 16) in base 13?
-b83
Convert -30905 (base 11) to base 14.
-12597
1510 (base 7) to base 5
4340
Convert -21171 (base 9) to base 4.
-3122230
-4d30 (base 16) to base 15
-5cc5
What is -313 (base 16) in base 8?
-1423
What is 1328 (base 10) in base 14?
6ac
Convert 123220 (base 4) to base 11.
1368
1214 (base 10) to base 2
10010111110
d46 (base 14) to base 9
3520
What is -18293 (base 10) in base 15?
-5648
a8b0 (base 12) to base 10
18564
Convert 20323 (base 6) to base 5.
41330
What is -22260 (base 7) in base 5?
-140003
What is